uppose 40*x + 30 = 470. Calculate the remainder when j(0) is divided by x.
7
Let t = -95 - -534. Calculate the remainder when t is divided by 15 + -4 + -1 - 1.
7
Suppose 4*o - 68 = 4*j, -4*j = -4*o - j + 71. What is the remainder when 1439 is divided by o?
19
Suppose -10*y + 13*y - 30 = 0. Let n be 5/((-15)/(-9)) + -2. Let p(q) = 68*q**2 + q. What is the remainder when p(n) is divided by y?
9
Let s be ((-95)/(-76))/(2/472). Let j = -267 + s. Calculate the remainder when 100 is divided by j.
16
Suppose 0 = 106*a - 101*a - 4*f - 2406, f - 1464 = -3*a. Calculate the remainder when a is divided by 43.
13
Suppose -9 + 4 = -o. Let m(c) = 12*c + 4*c - 19 - o*c + c**2. Calculate the remainder when m(-14) is divided by 5.
3
Suppose -3*a + a + 60 = 0. Let z(p) be the first derivative of 19*p**3/3 - p**2 + p + 3. Calculate the remainder when a is divided by z(1).
12
Let w(j) = -2*j - 82. Let p be w(34). What is the remainder when 26 is divided by (-1330)/p + 6/(-135)*-3?
8
Suppose 191*a - 115*a - 1152388 = 0. What is the remainder when a is divided by 158?
153
Let n(i) = -2*i - 6 - 4*i**2 + 5 - 1 + 2*i**3 - 6*i**2. Let a be n(6). Suppose -a = -2*d - 14. What is the remainder when 37 is divided by d?
15
Let m(o) be the second derivative of o**4/6 - 4*o**3/3 - 5*o**2 + 3*o - 61. Let q(u) = 8*u**2 - 5*u + 2. What is the remainder when q(3) is divided by m(6)?
3
Let j(v) = -v - 9. Suppose -2*h + 15 = -5*c - 7*h, -2*h = c + 8. Calculate the remainder when j(-11) is divided by c.
0
Let n(r) = -2*r + 44. What is the remainder when 64 + -4 - 16/2 is divided by n(13)?
16
Let m be 13 + (1 - 0) + -2. Let a = 46 + m. Let q = a + -30. What is the remainder when 139 is divided by q?
27
Calculate the remainder when 1493 is divided by 8 - (-440)/176*(0 + 0 + 2).
11
Suppose -148*w - 236 = -150*w. Let l = w + -100. What is the remainder when 226 is divided by l?
10
Suppose -h - 4*c + 41 = -6, 0 = 2*h + 5*c - 109. Calculate the remainder when h is divided by (174/(-12) - -15)/((-45)/46 + 1).
21
Let v(t) be the third derivative of 0 - 1/120*t**6 + 34*t**2 + 0*t + 14/3*t**3 + 1/24*t**4 - 13/60*t**5. Calculate the remainder when 73 is divided by v(-13).
13
Let b = -6 - 65. Let l = b + 75. Calculate the remainder when l is divided by 4/14 + 171/63.
1
Let c(l) = -6*l - 108. Let d be c(-25). Suppose -16*m + 2*m + d = 0. What is the remainder when 6 is divided by m?
0
Let u = -261 + 423. What is the remainder when u is divided by (-195)/10*-112*(-23)/(-1196)?
36
Let o(z) = 6*z**2 + 83*z - 12. What is the remainder when o(-17) is divided by 40?
31
Let s(x) = 37*x**2 + 9*x + 25. Let a = 505 + -508. What is the remainder when s(a) is divided by 83?
82
Let h = -379 + 377. What is the remainder when 306/24*(h - (-114)/9) is divided by 35?
31
Suppose -13*o + 1253 + 3130 = -2494. Calculate the remainder when o is divided by 215.
99
Let g be 0/2*7/(-14). Let o = g - -4. Suppose o*t = -11 + 31. Calculate the remainder when t is divided by 4.
1
Suppose -v - 3*b = -34, -57 = -4*v - 3*b + 133. What is the remainder when 1244 is divided by v?
48
Let y(j) = 2*j**2 - 7. Let w = 16 - 12. Let z = -2533 + 2605. Calculate the remainder when z is divided by y(w).
22
Suppose 5*x + c - 838 = 0, x + 3*c + 19 = 181. Calculate the remainder when x is divided by 162.
6
Let i(d) = 2*d**3 + 15*d**2 + 7*d + 5. Let s be i(-7). Suppose -h - 6 + 24 = 2*w, s*h - 3*w - 103 = 0. What is the remainder when 158 is divided by h?
18
Let s = 43 + -35. Suppose -s*y = -10*y. Suppose y*t = t - 22. What is the remainder when 38 is divided by t?
16
Let v(g) = -g**2 + 14*g + 37. Calculate the remainder when 12 is divided by v(16).
2
Let s(h) = 27*h**2 - 920*h + 4637. Calculate the remainder when 1432 is divided by s(5).
8
Let u be (-3635)/20 - (3/(-4) - -1). Let g = u + 300. Calculate the remainder when g is divided by 8.
6
Calculate the remainder when -20*(-2 - (-1)/(-2)) is divided by 2/9 + ((-1424)/(-72) + -20 - -9).
5
Let h = 145 - 57. What is the remainder when h is divided by (-4 - 8/(-12))*15/(-2)?
13
Suppose -s + j + 33 = 0, 3*s - j - 104 = 3*j. Let a = s + -18. Calculate the remainder when 24 is divided by a.
4
Suppose -871 = -5*t + l, 0 = -2*t + t + 4*l + 159. Let x = 214 - t. What is the remainder when 77 is divided by x?
38
Let r(f) = -2*f**3 - 3*f**2 - 4*f - 4. Let i = -1824 - -1828. Suppose -4*u + 0*u = i*t - 520, -4*u = -8. What is the remainder when t is divided by r(-3)?
23
Let o(q) = -4*q**2 - 166*q - 134. Calculate the remainder when o(-39) is divided by (2/(-4))/((-1)/132).
58
Let x(s) be the second derivative of 7*s**3/6 - 21*s**2/2 + 23*s. Calculate the remainder when x(8) is divided by 10.
5
Let m = -2 + -28. Calculate the remainder when (2 + (-9)/(-3))*4*1 is divided by (-75)/m*32/10.
4
Suppose 6 - 30 = 4*l. Let r(n) = 2*n**3 + 16*n**2 - 4*n - 27. What is the remainder when r(l) is divided by 24?
21
Let p = -19390 - -19462. Calculate the remainder when 206 is divided by p.
62
Suppose 19*b + 724 = 828 + 1834. What is the remainder when 145 is divided by b?
43
Let v = 48 + -4. Suppose -7*i + 6*i = -9. Suppose -218 - 961 = -i*u. What is the remainder when u is divided by v?
43
Let g(x) = 66*x + 9634. Calculate the remainder when 551 is divided by g(-145).
39
Let h(w) = -w**3 + w**2 - 1. Let l(x) = 2*x**3 + 14*x**2 - 16*x + 11. Let c(j) = h(j) + l(j). Calculate the remainder when 27 is divided by c(-16).
7
Let r = 381 + 25. Suppose 3*a - r = 2*y, y - 185 = -2*a + 88. Suppose 13*g = 5*g + a. Calculate the remainder when 66 is divided by g.
15
Suppose 129*d - 415843 = 577715. Calculate the remainder when d is divided by 23.
20
Suppose 5*s - 451 = -v, 2*s + v - 177 = 4*v. Calculate the remainder when 19 is divided by s/5 + 9/(-3).
4
Suppose -10 = 2*u, 95*h + 140 = 96*h - 4*u. What is the remainder when h is divided by 18?
12
Let s(c) = 35*c**2 + 2*c - 1. What is the remainder when 99 + (39/3 - (-35)/(-7)) is divided by s(1)?
35
Let w(m) = 7*m**2 + 687*m + 1378. What is the remainder when 101 is divided by w(-2)?
5
Suppose -22*s - 1230 = -3826. Suppose 0 = -5*u - 3*k + 245, -3*u + k = -3*k - s. What is the remainder when 177 is divided by u?
39
Let h be ((-5)/(-10))/(54/(-12) - -5). What is the remainder when 83 is divided by h/(32/30 + -1)?
8
What is the remainder when 76/((-4)/144*4*-1) is divided by 125?
59
Suppose -p + 14 = -2*i, 7 + 18 = -5*i. Suppose -2*j = 4*c - 10, -p*j - 13*c + 8*c = -20. What is the remainder when 132 is divided by j?
2
Let z = 5657 + -5639. Let d = -35 - -51. Calculate the remainder when z is divided by d.
2
Let f be 7/(-42)*-15 + 385/2. Suppose k + 2*q - f = -4*k, -3*k = q - 116. What is the remainder when k is divided by 16?
5
Let j = 667 + -361. Let y = -289 + j. Calculate the remainder when 82 is divided by y.
14
Let u(a) = a**3 + 10*a**2 - 56*a - 98. Calculate the remainder when u(-12) is divided by 61.
42
Suppose 0 = -0*k + 3*k, 5*m - 2*k - 3320 = 0. Let l = 1149 - 1147. Suppose l*c - 332 = -5*q, 4*c - 3*q - m = q. Calculate the remainder when c is divided by 24.
22
What is the remainder when (-780)/(-60) + (470 - 0) is divided by 161?
0
Let a be 6/(2 - (-4 + 5)). Suppose 141 + 9 = a*r. Calculate the remainder when 109 is divided by r.
9
What is the remainder when 1492 is divided by 2/10 + ((-558)/(-10) - 1044/(-116))?
62
Let t(l) = -l**3 + 5*l**2 + 7*l - 2. Let v(u) = 3*u + 15. Suppose -18 = 5*s - 3. Let c be v(s). What is the remainder when 5 is divided by t(c)?
1
Let w(u) = u**3 - 15*u**2 + 13*u + 1. Let d be w(14). What is the remainder when 149 is divided by 2/d + 10244/676?
14
Let u = -12169 - -16628. Calculate the remainder when u is divided by 235.
229
What is the remainder when 228 is divided by -30 - -35 - 10/(-3)*(8 - -13)?
3
Let f(p) = p**2 - 16*p + 91. Calculate the remainder when f(17) is divided by 55.
53
Let w be 507/117 + 1/6*-2. Let k(l) = 2*l**3 - 3*l**2 - 2*l - 13. What is the remainder when 174 is divided by k(w)?
56
Suppose 5*g - 2714 = -2*n, -192*g + 1076 = -190*g + 2*n. What is the remainder when g is divided by 93?
81
Suppose 5*b - 2167 = -6*b. Let s = b - 92. Let o = s + -60. What is the remainder when o is divided by 24?
21
Let x(v) = v**2 - 8*v - 22. Let j(f) be the third derivative of f**4/12 - f**3 - 21*f**2. Let m be j(9). What is the remai